{"id":697,"date":"2024-01-29T11:43:00","date_gmt":"2024-01-29T11:43:00","guid":{"rendered":"https:\/\/www.kalvottajat.fi\/suntek\/?page_id=697"},"modified":"2024-02-02T11:04:30","modified_gmt":"2024-02-02T11:04:30","slug":"auringonsuojakalvot","status":"publish","type":"page","link":"https:\/\/www.kalvottajat.fi\/suntek\/kiinteistokalvot\/auringonsuojakalvot\/","title":{"rendered":"Auringonsuojakalvot"},"content":{"rendered":"\t\t<div data-elementor-type=\"wp-page\" data-elementor-id=\"697\" class=\"elementor elementor-697\" data-elementor-post-type=\"page\">\n\t\t\t\t<div class=\"elementor-element elementor-element-498cfcf e-flex e-con-boxed e-con e-parent\" data-id=\"498cfcf\" data-element_type=\"container\" data-settings=\"{&quot;background_background&quot;:&quot;classic&quot;}\">\n\t\t\t\t\t<div class=\"e-con-inner\">\n\t\t<div class=\"elementor-element elementor-element-78b9136 e-con-full e-flex e-con e-child\" data-id=\"78b9136\" data-element_type=\"container\" data-settings=\"{&quot;background_background&quot;:&quot;classic&quot;}\">\n\t\t\t\t<div class=\"elementor-element elementor-element-0324e31 elementor-widget elementor-widget-heading\" data-id=\"0324e31\" data-element_type=\"widget\" data-widget_type=\"heading.default\">\n\t\t\t\t<div class=\"elementor-widget-container\">\n\t\t\t\t\t<h1 class=\"elementor-heading-title elementor-size-default\">Auringonsuojakalvot<\/h1>\t\t\t\t<\/div>\n\t\t\t\t<\/div>\n\t\t\t\t<\/div>\n\t\t<div class=\"elementor-element elementor-element-326522a e-con-full e-flex e-con e-child\" data-id=\"326522a\" data-element_type=\"container\">\n\t\t\t\t<\/div>\n\t\t\t\t\t<\/div>\n\t\t\t\t<\/div>\n\t\t<div class=\"elementor-element elementor-element-6f7ee7c e-flex e-con-boxed e-con e-parent\" data-id=\"6f7ee7c\" data-element_type=\"container\">\n\t\t\t\t\t<div class=\"e-con-inner\">\n\t\t<div class=\"elementor-element elementor-element-8a8b380 e-con-full e-flex e-con e-child\" data-id=\"8a8b380\" data-element_type=\"container\">\n\t\t\t\t<div class=\"elementor-element elementor-element-09d7637 elementor-widget elementor-widget-text-editor\" data-id=\"09d7637\" data-element_type=\"widget\" data-widget_type=\"text-editor.default\">\n\t\t\t\t<div class=\"elementor-widget-container\">\n\t\t\t\t\t\t\t\t\t<h5><strong>SunTek Auringonsuojakalvot<\/strong><\/h5><p style=\"font-weight: 400;\">SunTek auringonsuojakalvot ovat loistava ratkaisu kiinteist\u00f6jen auringonsuojaukseen tarjoten monipuolisen valikoiman etuja. Innovatiivisten kalvojen suunnittelussa on otettu huomioon sek\u00e4 toiminnallisuus ett\u00e4 esteettisyys, ja ne tarjoavat kattavan ratkaisun kiinteist\u00f6jen omistajille, jotka etsiv\u00e4t tehokasta keinoa hallita auringon haittavaikutuksia.<\/p><h5><strong>Lis\u00e4\u00e4 energiatehokkuutta kalvoilla<\/strong><\/h5><p style=\"font-weight: 400;\">Energiatehokkuutta parantamalla kalvot voivat v\u00e4hent\u00e4\u00e4 rakennusten l\u00e4mp\u00f6kuormaa merkitt\u00e4v\u00e4sti, s\u00e4\u00e4st\u00e4en energiaa ja alentamalla ilmastoinnin tarvetta. Mukavuutta lis\u00e4\u00e4m\u00e4ll\u00e4 kalvot v\u00e4hent\u00e4v\u00e4t liiallista l\u00e4mp\u00f6\u00e4, h\u00e4ik\u00e4isyn haittoja ja suojaavat sis\u00e4tiloja haalistumiselta.<\/p><p style=\"font-weight: 400;\">Kalvojen laaja valikoima antaa mahdollisuuden r\u00e4\u00e4t\u00e4l\u00f6id\u00e4 auringonsuojaus juuri sinun kiinteist\u00f6\u00f6si sopivaksi.<\/p><h5 style=\"font-weight: 400;\"><strong>Mit\u00e4 hy\u00f6tyj\u00e4 SunTek auringonsuojakalvoilla?<\/strong><\/h5><ol><li><p><strong>Energiatehokkuus<\/strong>:\u00a0<span style=\"text-align: var(--text-align);\">Auringonsuojakalvot voivat parantaa kiinteist\u00f6n energiatehokkuutta v\u00e4hent\u00e4m\u00e4ll\u00e4 l\u00e4mm\u00f6n siirtymist\u00e4 ikkunoiden kautta. T\u00e4m\u00e4 auttaa yll\u00e4pit\u00e4m\u00e4\u00e4n tasaisempaa l\u00e4mp\u00f6tilaa sis\u00e4tiloissa ja v\u00e4hent\u00e4\u00e4 tarvetta liialliselle j\u00e4\u00e4hdytykselle tai l\u00e4mmitykselle.<\/span><\/p><\/li><li><p><strong>Suoja UV-S\u00e4teilt\u00e4<\/strong>: Est\u00e4\u00e4 vaikuttavasti 98 % &#8211; 99 % sis\u00e4tilojen haalistumisen aiheuttavista UV-s\u00e4teist\u00e4, suojaten huonekaluja, tekstiilej\u00e4 ja sisustuselementtej\u00e4 auringon pitk\u00e4aikaisilta vaikutuksilta.<\/p><\/li><li><p><strong>H\u00e4ik\u00e4isyn v\u00e4hentyminen lis\u00e4\u00e4 tehokkuutta<\/strong>: Antaa suojaa h\u00e4ik\u00e4isylt\u00e4, joka voi haitata tuottavuutta, luoden ty\u00f6tilan, joka on sek\u00e4 ty\u00f6ntekij\u00f6ille ett\u00e4 asiakkaille miellytt\u00e4v\u00e4.<\/p><\/li><li><p><strong>Yksityisyyden suoja<\/strong>: Auringonsuojakalvot voivat tarjota lis\u00e4tty\u00e4 yksityisyytt\u00e4 est\u00e4m\u00e4ll\u00e4 uteliaita katseita ulkopuolelta, erityisesti p\u00e4iv\u00e4ll\u00e4.<\/p><\/li><li><p><strong>Ikkunan ulkon\u00e4k\u00f6<\/strong>: Kalvot voivat parantaa ikkunan ulkon\u00e4k\u00f6\u00e4 antamalla sille yhten\u00e4isen ulkoasun ja v\u00e4hent\u00e4m\u00e4ll\u00e4 heijastuksia, mik\u00e4 voi olla erityisen t\u00e4rke\u00e4\u00e4 liikekiinteist\u00f6iss\u00e4.<\/p><\/li><li><p><strong>Ymp\u00e4rist\u00f6yst\u00e4v\u00e4llisyys<\/strong>: V\u00e4hent\u00e4m\u00e4ll\u00e4 tarvetta voimakkaalle ilmastoinnille tai l\u00e4mmitykselle auringonsuojakalvot voivat auttaa v\u00e4hent\u00e4m\u00e4\u00e4n kiinteist\u00f6n kokonaisenergiankulutusta, mik\u00e4 on ymp\u00e4rist\u00f6yst\u00e4v\u00e4llinen n\u00e4k\u00f6kulma.<\/p><\/li><li><p><strong>Turvallisuus<\/strong>: Joissakin tapauksissa auringonsuojakalvot voivat tarjota my\u00f6s turvallisuushy\u00f6tyj\u00e4. Ne voivat auttaa est\u00e4m\u00e4\u00e4n lasin sirpaloitumista onnettomuuden tai murtovarkauden sattuessa.<\/p><\/li><li><strong>Valmistajan takuu:<\/strong> Kaikki SunTek aurinkokalvot ovat valmistajan rajoitetun takuun alaisia, tarjoten mielenrauhaa kiinteist\u00f6n omistajille.<\/li><\/ol>\t\t\t\t\t\t\t\t<\/div>\n\t\t\t\t<\/div>\n\t\t\t\t<\/div>\n\t\t\t\t\t<\/div>\n\t\t\t\t<\/div>\n\t\t<div class=\"elementor-element elementor-element-9ac8283 e-flex e-con-boxed e-con e-parent\" data-id=\"9ac8283\" data-element_type=\"container\">\n\t\t\t\t\t<div class=\"e-con-inner\">\n\t\t<div class=\"elementor-element elementor-element-972e065 e-con-full e-flex e-con e-child\" data-id=\"972e065\" data-element_type=\"container\">\n\t\t\t\t<div class=\"elementor-element elementor-element-19115ec elementor-widget elementor-widget-image\" data-id=\"19115ec\" data-element_type=\"widget\" data-widget_type=\"image.default\">\n\t\t\t\t<div class=\"elementor-widget-container\">\n\t\t\t\t\t\t\t\t\t\t\t\t\t\t\t<img fetchpriority=\"high\" decoding=\"async\" width=\"800\" height=\"169\" src=\"https:\/\/www.kalvottajat.fi\/suntek\/wp-content\/uploads\/2023\/05\/SunTek-Logo.png\" class=\"attachment-large size-large wp-image-59\" alt=\"SunTek Logo One-Pro\" srcset=\"https:\/\/www.kalvottajat.fi\/suntek\/wp-content\/uploads\/2023\/05\/SunTek-Logo.png 800w, https:\/\/www.kalvottajat.fi\/suntek\/wp-content\/uploads\/2023\/05\/SunTek-Logo-300x63.png 300w, https:\/\/www.kalvottajat.fi\/suntek\/wp-content\/uploads\/2023\/05\/SunTek-Logo-768x162.png 768w\" sizes=\"(max-width: 800px) 100vw, 800px\" \/>\t\t\t\t\t\t\t\t\t\t\t\t\t\t\t<\/div>\n\t\t\t\t<\/div>\n\t\t\t\t<\/div>\n\t\t<div class=\"elementor-element elementor-element-f6d127a e-con-full e-flex e-con e-child\" data-id=\"f6d127a\" data-element_type=\"container\">\n\t\t\t\t<div class=\"elementor-element elementor-element-4558fdd elementor-widget elementor-widget-heading\" data-id=\"4558fdd\" data-element_type=\"widget\" data-widget_type=\"heading.default\">\n\t\t\t\t<div class=\"elementor-widget-container\">\n\t\t\t\t\t<h2 class=\"elementor-heading-title elementor-size-default\">Auringonsuojakalvoja on saatavilla 5 eri sarjassa, joista jokaisella on omat ainutlaatuiset ominaisuutensa monipuolisiin tarpeisiin. <\/h2>\t\t\t\t<\/div>\n\t\t\t\t<\/div>\n\t\t\t\t<\/div>\n\t\t\t\t\t<\/div>\n\t\t\t\t<\/div>\n\t\t<div class=\"elementor-element elementor-element-a2a0b8a e-flex e-con-boxed e-con e-parent\" data-id=\"a2a0b8a\" data-element_type=\"container\">\n\t\t\t\t\t<div class=\"e-con-inner\">\n\t\t<div class=\"elementor-element elementor-element-45dcdd1 e-con-full e-flex e-con e-child\" data-id=\"45dcdd1\" data-element_type=\"container\" data-settings=\"{&quot;background_background&quot;:&quot;classic&quot;}\">\n\t\t\t\t<\/div>\n\t\t<div class=\"elementor-element elementor-element-24826ea e-con-full e-flex e-con e-child\" data-id=\"24826ea\" data-element_type=\"container\">\n\t\t\t\t<div class=\"elementor-element elementor-element-6227bbe elementor-widget elementor-widget-text-editor\" data-id=\"6227bbe\" data-element_type=\"widget\" data-widget_type=\"text-editor.default\">\n\t\t\t\t<div class=\"elementor-widget-container\">\n\t\t\t\t\t\t\t\t\t<h5><strong>Ultra-Vision sarja \/ Tuskin n\u00e4kyv\u00e4 kalvo\u00a0<\/strong><\/h5><p>&#8211; Edistyksellinen infrapunaa v\u00e4hent\u00e4v\u00e4 teknologia<br \/>&#8211; Auringonsuojausta n\u00e4kyvyytt\u00e4 heikent\u00e4m\u00e4tt\u00e4<br \/>&#8211; Saatavana sek\u00e4 sis\u00e4- ett\u00e4 ulkoasennukseen<\/p><h5><strong>Symphony sarja \/ Kirkas ja viile\u00e4 kalvo\u00a0<\/strong><\/h5><p>&#8211; Heijastava ulkopinta ja viile\u00e4 sis\u00e4v\u00e4ri<br \/>&#8211; Suojaa ep\u00e4mukavilta kuumilta paikoilta ja UV-s\u00e4teilyn aiheuttamalta haalistumiselta<br \/>&#8211; V\u00e4hent\u00e4\u00e4 sis\u00e4tilan h\u00e4ik\u00e4isy\u00e4<\/p><h5><strong>Infinity sarja \/ Neutraali kalvo\u00a0<\/strong><\/h5><p>&#8211; Sputteroitu kalvo<br \/>&#8211; Saatavilla pronssin ja neutraalin s\u00e4vyisin\u00e4<br \/>&#8211; Saatavana sek\u00e4 sis\u00e4- ett\u00e4 ulkoasennukseen<\/p><h5><strong>Silver sarja \/ Peilikalvo\u00a0<\/strong><\/h5><p>&#8211; Valmistettu h\u00f6yryk\u00e4sitellyst\u00e4 alumiinista<br \/>&#8211; Peilipinta tarjoaa suojaa l\u00e4mp\u00f6\u00e4 ja h\u00e4ik\u00e4isy\u00e4 vastaan<br \/>&#8211; Korroosionkest\u00e4v\u00e4 sek\u00e4 98 % &#8211; 99 % UV-suoja<br \/>&#8211; Saatavana hopean s\u00e4vyisen\u00e4 sek\u00e4 sis\u00e4- ett\u00e4 ulkoasennukseen<\/p><h5><strong>Dual Reflective sarja \/ l\u00e4mmin ja neutraali kalvo\u00a0<\/strong><\/h5><p>&#8211; Valmistettu h\u00f6yryk\u00e4sitellyst\u00e4 alumiinista<br \/>&#8211; Peilipintainen molemmilta puolilta tehokkaan l\u00e4mm\u00f6n ja h\u00e4ik\u00e4isyn heijastamiseksi<br \/>&#8211; Korroosionkest\u00e4v\u00e4 sek\u00e4 98 % &#8211; 99 % UV-suoja<br \/>&#8211; Saatavana neutraalin s\u00e4vyisen\u00e4 sek\u00e4 sis\u00e4- ett\u00e4 ulkoasennukseen<\/p>\t\t\t\t\t\t\t\t<\/div>\n\t\t\t\t<\/div>\n\t\t\t\t<\/div>\n\t\t\t\t\t<\/div>\n\t\t\t\t<\/div>\n\t\t<div class=\"elementor-element elementor-element-db5479e e-flex e-con-boxed e-con e-parent\" data-id=\"db5479e\" data-element_type=\"container\" data-settings=\"{&quot;background_background&quot;:&quot;classic&quot;}\">\n\t\t\t\t\t<div class=\"e-con-inner\">\n\t\t<div class=\"elementor-element elementor-element-3624b22 e-con-full e-flex e-con e-child\" data-id=\"3624b22\" data-element_type=\"container\">\n\t\t\t\t<div class=\"elementor-element elementor-element-48e720e elementor-widget elementor-widget-heading\" data-id=\"48e720e\" data-element_type=\"widget\" data-widget_type=\"heading.default\">\n\t\t\t\t<div class=\"elementor-widget-container\">\n\t\t\t\t\t<h3 class=\"elementor-heading-title elementor-size-default\">Vertaile kalvoja<\/h3>\t\t\t\t<\/div>\n\t\t\t\t<\/div>\n\t\t\t\t<div class=\"elementor-element elementor-element-27486bc elementor-widget elementor-widget-image\" data-id=\"27486bc\" data-element_type=\"widget\" data-widget_type=\"image.default\">\n\t\t\t\t<div class=\"elementor-widget-container\">\n\t\t\t\t\t\t\t\t\t\t\t\t\t\t\t<img fetchpriority=\"high\" decoding=\"async\" width=\"800\" height=\"169\" src=\"https:\/\/www.kalvottajat.fi\/suntek\/wp-content\/uploads\/2023\/05\/SunTek-Logo.png\" class=\"attachment-large size-large wp-image-59\" alt=\"SunTek Logo One-Pro\" srcset=\"https:\/\/www.kalvottajat.fi\/suntek\/wp-content\/uploads\/2023\/05\/SunTek-Logo.png 800w, https:\/\/www.kalvottajat.fi\/suntek\/wp-content\/uploads\/2023\/05\/SunTek-Logo-300x63.png 300w, https:\/\/www.kalvottajat.fi\/suntek\/wp-content\/uploads\/2023\/05\/SunTek-Logo-768x162.png 768w\" sizes=\"(max-width: 800px) 100vw, 800px\" \/>\t\t\t\t\t\t\t\t\t\t\t\t\t\t\t<\/div>\n\t\t\t\t<\/div>\n\t\t\t\t<div class=\"elementor-element elementor-element-7366c5f elementor-align-center elementor-invisible elementor-widget elementor-widget-button\" data-id=\"7366c5f\" data-element_type=\"widget\" data-settings=\"{&quot;_animation&quot;:&quot;bounceIn&quot;}\" data-widget_type=\"button.default\">\n\t\t\t\t<div class=\"elementor-widget-container\">\n\t\t\t\t\t\t\t\t\t<div class=\"elementor-button-wrapper\">\n\t\t\t\t\t<a class=\"elementor-button elementor-button-link elementor-size-sm elementor-animation-grow\" href=\"https:\/\/www.kalvottajat.fi\/suntek\/wp-content\/uploads\/2024\/01\/Suntek-kiinteistokalvot-vertailu.pdf\">\n\t\t\t\t\t\t<span class=\"elementor-button-content-wrapper\">\n\t\t\t\t\t\t<span class=\"elementor-button-icon\">\n\t\t\t\t<i aria-hidden=\"true\" class=\"far fa-arrow-alt-circle-down\"><\/i>\t\t\t<\/span>\n\t\t\t\t\t\t\t\t\t<span class=\"elementor-button-text\">Lataa esite<\/span>\n\t\t\t\t\t<\/span>\n\t\t\t\t\t<\/a>\n\t\t\t\t<\/div>\n\t\t\t\t\t\t\t\t<\/div>\n\t\t\t\t<\/div>\n\t\t\t\t<\/div>\n\t\t<div class=\"elementor-element elementor-element-1048f35 e-con-full e-flex e-con e-child\" data-id=\"1048f35\" data-element_type=\"container\">\n\t\t\t\t<div class=\"elementor-element elementor-element-37e96a2 elementor-widget elementor-widget-image\" data-id=\"37e96a2\" data-element_type=\"widget\" data-widget_type=\"image.default\">\n\t\t\t\t<div class=\"elementor-widget-container\">\n\t\t\t\t\t\t\t\t\t\t\t\t\t\t\t<img decoding=\"async\" width=\"284\" height=\"376\" src=\"https:\/\/www.kalvottajat.fi\/suntek\/wp-content\/uploads\/2024\/01\/skin-cancer-foundation-recommended-logo-e1706192626417.jpg\" class=\"attachment-large size-large wp-image-489\" alt=\"skin-cancer-foundation-recommended-logo\" srcset=\"https:\/\/www.kalvottajat.fi\/suntek\/wp-content\/uploads\/2024\/01\/skin-cancer-foundation-recommended-logo-e1706192626417.jpg 284w, https:\/\/www.kalvottajat.fi\/suntek\/wp-content\/uploads\/2024\/01\/skin-cancer-foundation-recommended-logo-e1706192626417-227x300.jpg 227w\" sizes=\"(max-width: 284px) 100vw, 284px\" \/>\t\t\t\t\t\t\t\t\t\t\t\t\t\t\t<\/div>\n\t\t\t\t<\/div>\n\t\t\t\t<div class=\"elementor-element elementor-element-b29e413 elementor-widget elementor-widget-text-editor\" data-id=\"b29e413\" data-element_type=\"widget\" data-widget_type=\"text-editor.default\">\n\t\t\t\t<div class=\"elementor-widget-container\">\n\t\t\t\t\t\t\t\t\t<p style=\"font-weight: 400; text-align: center;\">The Skin Cancer Foundationin Suositus<\/p><p style=\"font-weight: 400; text-align: center;\">Tuotteemme, joilla on yli 99 % UV-suoja (300-380 nm), ovat saaneet The Skin Cancer Foundationin Suosituksen.<\/p>\t\t\t\t\t\t\t\t<\/div>\n\t\t\t\t<\/div>\n\t\t\t\t<\/div>\n\t\t\t\t\t<\/div>\n\t\t\t\t<\/div>\n\t\t\t\t<\/div>\n\t\t","protected":false},"excerpt":{"rendered":"<p>Auringonsuojakalvot SunTek Auringonsuojakalvot SunTek auringonsuojakalvot ovat loistava ratkaisu kiinteist\u00f6jen auringonsuojaukseen tarjoten monipuolisen valikoiman etuja. Innovatiivisten kalvojen suunnittelussa on otettu huomioon sek\u00e4 toiminnallisuus ett\u00e4 esteettisyys, ja ne tarjoavat kattavan ratkaisun kiinteist\u00f6jen omistajille, jotka etsiv\u00e4t tehokasta keinoa hallita auringon haittavaikutuksia. Lis\u00e4\u00e4 energiatehokkuutta kalvoilla Energiatehokkuutta parantamalla kalvot voivat v\u00e4hent\u00e4\u00e4 rakennusten l\u00e4mp\u00f6kuormaa merkitt\u00e4v\u00e4sti, s\u00e4\u00e4st\u00e4en energiaa ja alentamalla ilmastoinnin tarvetta. [&hellip;]<\/p>\n","protected":false},"author":1,"featured_media":0,"parent":44,"menu_order":0,"comment_status":"closed","ping_status":"closed","template":"elementor_header_footer","meta":{"footnotes":""},"_links":{"self":[{"href":"https:\/\/www.kalvottajat.fi\/suntek\/wp-json\/wp\/v2\/pages\/697"}],"collection":[{"href":"https:\/\/www.kalvottajat.fi\/suntek\/wp-json\/wp\/v2\/pages"}],"about":[{"href":"https:\/\/www.kalvottajat.fi\/suntek\/wp-json\/wp\/v2\/types\/page"}],"author":[{"embeddable":true,"href":"https:\/\/www.kalvottajat.fi\/suntek\/wp-json\/wp\/v2\/users\/1"}],"replies":[{"embeddable":true,"href":"https:\/\/www.kalvottajat.fi\/suntek\/wp-json\/wp\/v2\/comments?post=697"}],"version-history":[{"count":31,"href":"https:\/\/www.kalvottajat.fi\/suntek\/wp-json\/wp\/v2\/pages\/697\/revisions"}],"predecessor-version":[{"id":1340,"href":"https:\/\/www.kalvottajat.fi\/suntek\/wp-json\/wp\/v2\/pages\/697\/revisions\/1340"}],"up":[{"embeddable":true,"href":"https:\/\/www.kalvottajat.fi\/suntek\/wp-json\/wp\/v2\/pages\/44"}],"wp:attachment":[{"href":"https:\/\/www.kalvottajat.fi\/suntek\/wp-json\/wp\/v2\/media?parent=697"}],"curies":[{"name":"wp","href":"https:\/\/api.w.org\/{rel}","templated":true}]}}