{"id":213,"date":"2024-01-23T13:14:09","date_gmt":"2024-01-23T13:14:09","guid":{"rendered":"https:\/\/www.kalvottajat.fi\/suntek\/?page_id=213"},"modified":"2024-02-01T10:24:23","modified_gmt":"2024-02-01T10:24:23","slug":"leikkausohjelmisto","status":"publish","type":"page","link":"https:\/\/www.kalvottajat.fi\/suntek\/autokalvot\/leikkausohjelmisto\/","title":{"rendered":"Leikkausohjelmisto"},"content":{"rendered":"\t\t<div data-elementor-type=\"wp-page\" data-elementor-id=\"213\" class=\"elementor elementor-213\" data-elementor-post-type=\"page\">\n\t\t\t\t<div class=\"elementor-element elementor-element-83cf356 e-flex e-con-boxed e-con e-parent\" data-id=\"83cf356\" data-element_type=\"container\" data-settings=\"{&quot;background_background&quot;:&quot;classic&quot;}\">\n\t\t\t\t\t<div class=\"e-con-inner\">\n\t\t<div class=\"elementor-element elementor-element-7fc63fa e-con-full e-flex e-con e-child\" data-id=\"7fc63fa\" data-element_type=\"container\" data-settings=\"{&quot;background_background&quot;:&quot;classic&quot;}\">\n\t\t\t\t<div class=\"elementor-element elementor-element-f0e62ca elementor-widget elementor-widget-heading\" data-id=\"f0e62ca\" data-element_type=\"widget\" data-widget_type=\"heading.default\">\n\t\t\t\t<div class=\"elementor-widget-container\">\n\t\t\t\t\t<h1 class=\"elementor-heading-title elementor-size-default\">Leikkausohjelmisto<\/h1>\t\t\t\t<\/div>\n\t\t\t\t<\/div>\n\t\t\t\t<\/div>\n\t\t<div class=\"elementor-element elementor-element-a70e8d8 e-con-full e-flex e-con e-child\" data-id=\"a70e8d8\" data-element_type=\"container\">\n\t\t\t\t<\/div>\n\t\t\t\t\t<\/div>\n\t\t\t\t<\/div>\n\t\t<div class=\"elementor-element elementor-element-13f758e e-flex e-con-boxed e-con e-parent\" data-id=\"13f758e\" data-element_type=\"container\">\n\t\t\t\t\t<div class=\"e-con-inner\">\n\t\t<div class=\"elementor-element elementor-element-54688b9 e-con-full e-flex e-con e-child\" data-id=\"54688b9\" data-element_type=\"container\">\n\t\t\t\t<div class=\"elementor-element elementor-element-b20684c elementor-widget elementor-widget-image\" data-id=\"b20684c\" data-element_type=\"widget\" data-widget_type=\"image.default\">\n\t\t\t\t<div class=\"elementor-widget-container\">\n\t\t\t\t\t\t\t\t\t\t\t\t\t\t\t<img fetchpriority=\"high\" decoding=\"async\" width=\"527\" height=\"312\" src=\"https:\/\/www.kalvottajat.fi\/suntek\/wp-content\/uploads\/2024\/01\/One-Pro-Suntek-Core.png\" class=\"attachment-large size-large wp-image-963\" alt=\"One-Pro Suntek Core\" srcset=\"https:\/\/www.kalvottajat.fi\/suntek\/wp-content\/uploads\/2024\/01\/One-Pro-Suntek-Core.png 527w, https:\/\/www.kalvottajat.fi\/suntek\/wp-content\/uploads\/2024\/01\/One-Pro-Suntek-Core-300x178.png 300w\" sizes=\"(max-width: 527px) 100vw, 527px\" \/>\t\t\t\t\t\t\t\t\t\t\t\t\t\t\t<\/div>\n\t\t\t\t<\/div>\n\t\t\t\t<\/div>\n\t\t<div class=\"elementor-element elementor-element-d47f692 e-con-full e-flex e-con e-child\" data-id=\"d47f692\" data-element_type=\"container\">\n\t\t\t\t<div class=\"elementor-element elementor-element-6a4e37a elementor-widget elementor-widget-text-editor\" data-id=\"6a4e37a\" data-element_type=\"widget\" data-widget_type=\"text-editor.default\">\n\t\t\t\t<div class=\"elementor-widget-container\">\n\t\t\t\t\t\t\t\t\t<p>SunTekin kalvojen leikkausohjelmisto CORE tarjoaa merkitt\u00e4v\u00e4\u00e4 ajan- ja vaivans\u00e4\u00e4st\u00f6\u00e4 perinteiseen menetelm\u00e4\u00e4n verrattuna, kun on kyse maalipinnan suojakalvojen asennuksesta. Perinteinen &#8221;bulkkina&#8221; kalvon leikkaaminen vaatii aikaa viev\u00e4\u00e4 k\u00e4velemist\u00e4 auton ymp\u00e4rill\u00e4, mallintamista ja arvioimista, jolloin asentaja joutuu manuaalisesti leikkaamaan ja sovittamaan kalvoa auton pinnalle. T\u00e4m\u00e4 prosessi ei ainoastaan ole aikaa viev\u00e4\u00e4, vaan se saattaa my\u00f6s johtaa kalvon hukkaan ja ep\u00e4tarkkoihin leikkauksiin.<\/p>\t\t\t\t\t\t\t\t<\/div>\n\t\t\t\t<\/div>\n\t\t\t\t<\/div>\n\t\t\t\t\t<\/div>\n\t\t\t\t<\/div>\n\t\t<div class=\"elementor-element elementor-element-0840586 e-flex e-con-boxed e-con e-parent\" data-id=\"0840586\" data-element_type=\"container\">\n\t\t\t\t\t<div class=\"e-con-inner\">\n\t\t<div class=\"elementor-element elementor-element-92ce944 e-con-full e-flex e-con e-child\" data-id=\"92ce944\" data-element_type=\"container\">\n\t\t\t\t<div class=\"elementor-element elementor-element-aee2aab elementor-widget elementor-widget-text-editor\" data-id=\"aee2aab\" data-element_type=\"widget\" data-widget_type=\"text-editor.default\">\n\t\t\t\t<div class=\"elementor-widget-container\">\n\t\t\t\t\t\t\t\t\t<h5><strong>Nopeutta ja tarkkuutta CORE-leikkausohjelmiston avulla<\/strong><\/h5>\n<p style=\"font-weight: 400;\">CORE-leikkausohjelmiston avulla asentajat voivat kuitenkin tehd\u00e4 tarkan ennakkosuunnittelun valmiiksi leikatuista paloista. Ohjelmisto mahdollistaa nopean ja tarkan leikkausprosessin, joka on r\u00e4\u00e4t\u00e4l\u00f6ity autojen malleihin ja mittasuhteisiin. T\u00e4m\u00e4 v\u00e4hent\u00e4\u00e4 huomattavasti hukkaan menev\u00e4\u00e4 kalvomateriaalia ja optimoi kalvojen k\u00e4yt\u00f6n tehokkaasti. \u201dBulkki\u201d asennuksissa asentaja joutuu v\u00e4lill\u00e4 leikkaamaan paloja auton maalipintaa vasten, jolloin on iso riski naarmuttaa auton maalipintaa. CORE leikkausohjelmistolla t\u00e4m\u00e4 riski katoaa!<\/p>\n<h5 style=\"font-weight: 400;\"><strong>Helppo k\u00e4ytt\u00f6liittym\u00e4<\/strong><\/h5>\n<p style=\"font-weight: 400;\">Lis\u00e4ksi CORE tarjoaa helpon ja intuitiivisen k\u00e4ytt\u00f6liittym\u00e4n, mik\u00e4 tekee siit\u00e4 helposti omaksuttavan sek\u00e4 aloittelijoille ett\u00e4 kokeneille ammattilaisille. Nopea merkki- ja mallihaku yhdistettyn\u00e4 valmiiksi leikattujen palojen k\u00e4ytt\u00f6\u00f6n mahdollistaa sen, ett\u00e4 asentajat voivat siirty\u00e4 suoraan asennusvaiheeseen ilman aikaa viev\u00e4\u00e4 leikkausty\u00f6t\u00e4.<\/p>\n<p style=\"font-weight: 400;\">Kokonaisuutena CORE-leikkausohjelmisto tehostaa maalipinnansuojakalvojen asennusprosessia merkitt\u00e4v\u00e4sti, s\u00e4\u00e4st\u00e4en aikaa ja v\u00e4hent\u00e4en kalvomateriaalin hukkaa, mik\u00e4 on paitsi kustannustehokasta my\u00f6s ymp\u00e4rist\u00f6yst\u00e4v\u00e4llist\u00e4.<\/p>\t\t\t\t\t\t\t\t<\/div>\n\t\t\t\t<\/div>\n\t\t\t\t<\/div>\n\t\t\t\t\t<\/div>\n\t\t\t\t<\/div>\n\t\t<div class=\"elementor-element elementor-element-c64a0f7 e-flex e-con-boxed e-con e-parent\" data-id=\"c64a0f7\" data-element_type=\"container\">\n\t\t\t\t\t<div class=\"e-con-inner\">\n\t\t<div class=\"elementor-element elementor-element-06e49ae e-con-full e-flex e-con e-child\" data-id=\"06e49ae\" data-element_type=\"container\">\n\t\t\t\t<div class=\"elementor-element elementor-element-85045a1 elementor-widget elementor-widget-text-editor\" data-id=\"85045a1\" data-element_type=\"widget\" data-widget_type=\"text-editor.default\">\n\t\t\t\t<div class=\"elementor-widget-container\">\n\t\t\t\t\t\t\t\t\t<p>Ota <span style=\"color: #243474;\">yhteytt\u00e4<\/span><\/p>\t\t\t\t\t\t\t\t<\/div>\n\t\t\t\t<\/div>\n\t\t\t\t<\/div>\n\t\t<div class=\"elementor-element elementor-element-ffc067f e-con-full e-flex e-con e-child\" data-id=\"ffc067f\" data-element_type=\"container\">\n\t\t\t\t<div class=\"elementor-element elementor-element-70256f1 elementor-button-align-stretch elementor-widget elementor-widget-form\" data-id=\"70256f1\" data-element_type=\"widget\" data-settings=\"{&quot;step_next_label&quot;:&quot;Next&quot;,&quot;step_previous_label&quot;:&quot;Previous&quot;,&quot;button_width&quot;:&quot;100&quot;,&quot;step_type&quot;:&quot;number_text&quot;,&quot;step_icon_shape&quot;:&quot;circle&quot;}\" data-widget_type=\"form.default\">\n\t\t\t\t<div class=\"elementor-widget-container\">\n\t\t\t\t\t\t\t<form class=\"elementor-form\" method=\"post\" name=\"Suntek yhteydenottolomake\">\n\t\t\t<input type=\"hidden\" name=\"post_id\" value=\"213\"\/>\n\t\t\t<input type=\"hidden\" name=\"form_id\" value=\"70256f1\"\/>\n\t\t\t<input type=\"hidden\" name=\"referer_title\" value=\"\" \/>\n\n\t\t\t\n\t\t\t<div class=\"elementor-form-fields-wrapper elementor-labels-\">\n\t\t\t\t\t\t\t\t<div class=\"elementor-field-type-text elementor-field-group elementor-column elementor-field-group-name elementor-col-100 elementor-field-required\">\n\t\t\t\t\t\t\t\t\t\t\t\t<label for=\"form-field-name\" class=\"elementor-field-label elementor-screen-only\">\n\t\t\t\t\t\t\t\tNimi\t\t\t\t\t\t\t<\/label>\n\t\t\t\t\t\t\t\t\t\t\t\t\t\t<input size=\"1\" type=\"text\" name=\"form_fields[name]\" id=\"form-field-name\" class=\"elementor-field elementor-size-lg  elementor-field-textual\" placeholder=\"Nimi\" required=\"required\" aria-required=\"true\">\n\t\t\t\t\t\t\t\t\t\t\t<\/div>\n\t\t\t\t\t\t\t\t<div class=\"elementor-field-type-email elementor-field-group elementor-column elementor-field-group-email elementor-col-100 elementor-field-required\">\n\t\t\t\t\t\t\t\t\t\t\t\t<label for=\"form-field-email\" class=\"elementor-field-label elementor-screen-only\">\n\t\t\t\t\t\t\t\tS\u00e4hk\u00f6posti\t\t\t\t\t\t\t<\/label>\n\t\t\t\t\t\t\t\t\t\t\t\t\t\t<input size=\"1\" type=\"email\" name=\"form_fields[email]\" id=\"form-field-email\" class=\"elementor-field elementor-size-lg  elementor-field-textual\" placeholder=\"S\u00e4hk\u00f6posti\" required=\"required\" aria-required=\"true\">\n\t\t\t\t\t\t\t\t\t\t\t<\/div>\n\t\t\t\t\t\t\t\t<div class=\"elementor-field-type-tel elementor-field-group elementor-column elementor-field-group-field_38e1166 elementor-col-100 elementor-field-required\">\n\t\t\t\t\t\t\t\t\t\t\t\t<label for=\"form-field-field_38e1166\" class=\"elementor-field-label elementor-screen-only\">\n\t\t\t\t\t\t\t\tPuhelinnumero\t\t\t\t\t\t\t<\/label>\n\t\t\t\t\t\t\t\t<input size=\"1\" type=\"tel\" name=\"form_fields[field_38e1166]\" id=\"form-field-field_38e1166\" class=\"elementor-field elementor-size-lg  elementor-field-textual\" placeholder=\"Puhelinnumero\" required=\"required\" aria-required=\"true\" pattern=\"[0-9()#&amp;+*-=.]+\" title=\"Only numbers and phone characters (#, -, *, etc) are accepted.\">\n\n\t\t\t\t\t\t<\/div>\n\t\t\t\t\t\t\t\t<div class=\"elementor-field-type-textarea elementor-field-group elementor-column elementor-field-group-message elementor-col-100 elementor-field-required\">\n\t\t\t\t\t\t\t\t\t\t\t\t<label for=\"form-field-message\" class=\"elementor-field-label elementor-screen-only\">\n\t\t\t\t\t\t\t\tViesti\t\t\t\t\t\t\t<\/label>\n\t\t\t\t\t\t<textarea class=\"elementor-field-textual elementor-field  elementor-size-lg\" name=\"form_fields[message]\" id=\"form-field-message\" rows=\"4\" placeholder=\"Viesti\" required=\"required\" aria-required=\"true\"><\/textarea>\t\t\t\t<\/div>\n\t\t\t\t\t\t\t\t<div class=\"elementor-field-type-checkbox elementor-field-group elementor-column elementor-field-group-field_b28609a elementor-col-100\">\n\t\t\t\t\t\t\t\t\t\t\t\t<label for=\"form-field-field_b28609a\" class=\"elementor-field-label elementor-screen-only\">\n\t\t\t\t\t\t\t\tOlen kiinnostunut\t\t\t\t\t\t\t<\/label>\n\t\t\t\t\t\t<div class=\"elementor-field-subgroup  elementor-subgroup-inline\"><span class=\"elementor-field-option\"><input type=\"checkbox\" value=\"SunTek-kalvojen j\u00e4lleenmyynnist\u00e4\" id=\"form-field-field_b28609a-0\" name=\"form_fields[field_b28609a][]\"> <label for=\"form-field-field_b28609a-0\">SunTek-kalvojen j\u00e4lleenmyynnist\u00e4<\/label><\/span><span class=\"elementor-field-option\"><input type=\"checkbox\" value=\"Kalvokoulutuksesta\" id=\"form-field-field_b28609a-1\" name=\"form_fields[field_b28609a][]\"> <label for=\"form-field-field_b28609a-1\">Kalvokoulutuksesta<\/label><\/span><span class=\"elementor-field-option\"><input type=\"checkbox\" value=\"SunTek Core leikkausohjelmistosta\" id=\"form-field-field_b28609a-2\" name=\"form_fields[field_b28609a][]\"> <label for=\"form-field-field_b28609a-2\">SunTek Core leikkausohjelmistosta<\/label><\/span><span class=\"elementor-field-option\"><input type=\"checkbox\" value=\"Jostain muusta\" id=\"form-field-field_b28609a-3\" name=\"form_fields[field_b28609a][]\"> <label for=\"form-field-field_b28609a-3\">Jostain muusta<\/label><\/span><\/div>\t\t\t\t<\/div>\n\t\t\t\t\t\t\t\t<div class=\"elementor-field-type-recaptcha_v3 elementor-field-group elementor-column elementor-field-group-field_88d3646 elementor-col-100 recaptcha_v3-inline\">\n\t\t\t\t\t<div class=\"elementor-field\" id=\"form-field-field_88d3646\"><div class=\"elementor-g-recaptcha\" data-sitekey=\"6Lfo-WApAAAAAIHCCQ7N00GvyzDsXyLNOdL1zR6f\" data-type=\"v3\" data-action=\"Form\" data-badge=\"inline\" data-size=\"invisible\"><\/div><\/div>\t\t\t\t<\/div>\n\t\t\t\t\t\t\t\t<div class=\"elementor-field-group elementor-column elementor-field-type-submit elementor-col-100 e-form__buttons\">\n\t\t\t\t\t<button type=\"submit\" class=\"elementor-button elementor-size-lg\">\n\t\t\t\t\t\t<span >\n\t\t\t\t\t\t\t\t\t\t\t\t\t\t\t<span class=\" elementor-button-icon\">\n\t\t\t\t\t\t\t\t\t\t\t\t\t\t\t\t\t\t\t\t\t\t\t\t\t\t<\/span>\n\t\t\t\t\t\t\t\t\t\t\t\t\t\t\t\t\t\t\t\t\t\t<span class=\"elementor-button-text\">L\u00e4het\u00e4<\/span>\n\t\t\t\t\t\t\t\t\t\t\t\t\t<\/span>\n\t\t\t\t\t<\/button>\n\t\t\t\t<\/div>\n\t\t\t<\/div>\n\t\t<\/form>\n\t\t\t\t\t\t<\/div>\n\t\t\t\t<\/div>\n\t\t\t\t<\/div>\n\t\t\t\t\t<\/div>\n\t\t\t\t<\/div>\n\t\t\t\t<\/div>\n\t\t","protected":false},"excerpt":{"rendered":"<p>Leikkausohjelmisto SunTekin kalvojen leikkausohjelmisto CORE tarjoaa merkitt\u00e4v\u00e4\u00e4 ajan- ja vaivans\u00e4\u00e4st\u00f6\u00e4 perinteiseen menetelm\u00e4\u00e4n verrattuna, kun on kyse maalipinnan suojakalvojen asennuksesta. Perinteinen &#8221;bulkkina&#8221; kalvon leikkaaminen vaatii aikaa viev\u00e4\u00e4 k\u00e4velemist\u00e4 auton ymp\u00e4rill\u00e4, mallintamista ja arvioimista, jolloin asentaja joutuu manuaalisesti leikkaamaan ja sovittamaan kalvoa auton pinnalle. T\u00e4m\u00e4 prosessi ei ainoastaan ole aikaa viev\u00e4\u00e4, vaan se saattaa my\u00f6s johtaa kalvon [&hellip;]<\/p>\n","protected":false},"author":1,"featured_media":0,"parent":41,"menu_order":0,"comment_status":"closed","ping_status":"closed","template":"elementor_header_footer","meta":{"footnotes":""},"_links":{"self":[{"href":"https:\/\/www.kalvottajat.fi\/suntek\/wp-json\/wp\/v2\/pages\/213"}],"collection":[{"href":"https:\/\/www.kalvottajat.fi\/suntek\/wp-json\/wp\/v2\/pages"}],"about":[{"href":"https:\/\/www.kalvottajat.fi\/suntek\/wp-json\/wp\/v2\/types\/page"}],"author":[{"embeddable":true,"href":"https:\/\/www.kalvottajat.fi\/suntek\/wp-json\/wp\/v2\/users\/1"}],"replies":[{"embeddable":true,"href":"https:\/\/www.kalvottajat.fi\/suntek\/wp-json\/wp\/v2\/comments?post=213"}],"version-history":[{"count":25,"href":"https:\/\/www.kalvottajat.fi\/suntek\/wp-json\/wp\/v2\/pages\/213\/revisions"}],"predecessor-version":[{"id":1242,"href":"https:\/\/www.kalvottajat.fi\/suntek\/wp-json\/wp\/v2\/pages\/213\/revisions\/1242"}],"up":[{"embeddable":true,"href":"https:\/\/www.kalvottajat.fi\/suntek\/wp-json\/wp\/v2\/pages\/41"}],"wp:attachment":[{"href":"https:\/\/www.kalvottajat.fi\/suntek\/wp-json\/wp\/v2\/media?parent=213"}],"curies":[{"name":"wp","href":"https:\/\/api.w.org\/{rel}","templated":true}]}}